st the prime factors of 1665.
3, 5, 37
List the prime factors of 397.
397
What are the prime factors of 2520?
2, 3, 5, 7
What are the prime factors of 2334?
2, 3, 389
What are the prime factors of 40227?
3, 11, 23, 53
What are the prime factors of 17962?
2, 7, 1283
List the prime factors of 6814.
2, 3407
List the prime factors of 295.
5, 59
List the prime factors of 61673.
61673
List the prime factors of 24651.
3, 11, 83
What are the prime factors of 2435?
5, 487
What are the prime factors of 4424?
2, 7, 79
List the prime factors of 1565.
5, 313
What are the prime factors of 14?
2, 7
List the prime factors of 84441.
3, 7, 4021
What are the prime factors of 48116?
2, 23, 523
What are the prime factors of 55750?
2, 5, 223
List the prime factors of 5099.
5099
What are the prime factors of 41567?
197, 211
What are the prime factors of 64683?
3, 7187
List the prime factors of 27465.
3, 5, 1831
List the prime factors of 3309.
3, 1103
List the prime factors of 51002.
2, 7, 3643
What are the prime factors of 196?
2, 7
What are the prime factors of 24197?
24197
List the prime factors of 5012.
2, 7, 179
List the prime factors of 816.
2, 3, 17
List the prime factors of 39279.
3, 13093
What are the prime factors of 45926?
2, 22963
List the prime factors of 3424.
2, 107
What are the prime factors of 3949?
11, 359
What are the prime factors of 2828?
2, 7, 101
What are the prime factors of 8742?
2, 3, 31, 47
List the prime factors of 8347.
17, 491
List the prime factors of 9528.
2, 3, 397
List the prime factors of 32151.
3, 7, 1531
List the prime factors of 1929.
3, 643
What are the prime factors of 99?
3, 11
List the prime factors of 2506.
2, 7, 179
List the prime factors of 21527.
11, 19, 103
List the prime factors of 44837.
13, 3449
List the prime factors of 356.
2, 89
List the prime factors of 58027.
58027
What are the prime factors of 619?
619
List the prime factors of 971.
971
List the prime factors of 9259.
47, 197
What are the prime factors of 38148?
2, 3, 11, 17
List the prime factors of 4878.
2, 3, 271
What are the prime factors of 3797?
3797
List the prime factors of 8026.
2, 4013
What are the prime factors of 8592?
2, 3, 179
List the prime factors of 103248.
2, 3, 239
List the prime factors of 47055.
3, 5, 3137
What are the prime factors of 66406?
2, 33203
What are the prime factors of 240?
2, 3, 5
List the prime factors of 1284.
2, 3, 107
List the prime factors of 5574.
2, 3, 929
What are the prime factors of 34501?
34501
List the prime factors of 23533.
101, 233
What are the prime factors of 26605?
5, 17, 313
What are the prime factors of 217?
7, 31
List the prime factors of 345.
3, 5, 23
What are the prime factors of 1177?
11, 107
List the prime factors of 1246.
2, 7, 89
List the prime factors of 10982.
2, 17, 19
What are the prime factors of 4879?
7, 17, 41
List the prime factors of 858.
2, 3, 11, 13
List the prime factors of 2123.
11, 193
List the prime factors of 5977.
43, 139
List the prime factors of 41894.
2, 20947
List the prime factors of 22524.
2, 3, 1877
List the prime factors of 2256.
2, 3, 47
What are the prime factors of 39396?
2, 3, 7, 67
What are the prime factors of 1932?
2, 3, 7, 23
What are the prime factors of 1342?
2, 11, 61
What are the prime factors of 226?
2, 113
List the prime factors of 24443.
24443
What are the prime factors of 4750?
2, 5, 19
List the prime factors of 46893.
3, 7, 11, 29
What are the prime factors of 1796?
2, 449
What are the prime factors of 896?
2, 7
What are the prime factors of 341?
11, 31
What are the prime factors of 11711?
7, 239
List the prime factors of 462.
2, 3, 7, 11
What are the prime factors of 13416?
2, 3, 13, 43
What are the prime factors of 47867?
151, 317
List the prime factors of 57177.
3, 6353
List the prime factors of 56329.
7, 13, 619
What are the prime factors of 1614?
2, 3, 269
What are the prime factors of 6972?
2, 3, 7, 83
What are the prime factors of 34434?
2, 3, 1913
List the prime factors of 1021.
1021
What are the prime factors of 59555?
5, 43, 277
List the prime factors of 24032.
2, 751
List the prime factors of 5547.
3, 43
List the prime factors of 22512.
2, 3, 7, 67
List the prime factors of 137439.
3, 15271
List the prime factors of 5227.
5227
What are the prime factors of 13731?
3, 23, 199
What are the prime factors of 1177?
11, 107
List the prime factors of 3323.
3323
List the prime factors of 207.
3, 23
List the prime factors of 13557.
3, 4519
What are the prime factors of 15988?
2, 7, 571
List the prime factors of 2919.
3, 7, 139
List the prime factors of 2439.
3, 271
What are the prime factors of 24560?
2, 5, 307
What are the prime factors of 99792?
2, 3, 7, 11
List the prime factors of 11248.
2, 19, 37
What are the prime factors of 570?
2, 3, 5, 19
List the prime factors of 1496.
2, 11, 17
List the prime factors of 34351.
34351
List the prime factors of 2314.
2, 13, 89
What are the prime factors of 3173?
19, 167
What are the prime factors of 78724?
2, 19681
What are the prime factors of 14223?
3, 11, 431
List the prime factors of 2675.
5, 107
List the prime factors of 62857.
239, 263
What are the prime factors of 3410?
2, 5, 11, 31
What are the prime factors of 26299?
7, 13, 17
What are the prime factors of 604?
2, 151
What are the prime factors of 16043?
61, 263
List the prime factors of 585.
3, 5, 13
What are the prime factors of 3184?
2, 199
List the prime factors of 281.
281
What are the prime factors of 26615?
5, 5323
List the prime factors of 768.
2, 3
What are the prime factors of 37310?
2, 5, 7, 13, 41
List the prime factors of 91364.
2, 7, 13, 251
List the prime factors of 328.
2, 41
List the prime factors of 14084.
2, 7, 503
What are the prime factors of 244?
2, 61
List the prime factors of 2145.
3, 5, 11, 13
What are the prime factors of 26851?
11, 2441
What are the prime factors of 2494?
2, 29, 43
List the prime factors of 1974.
2, 3, 7, 47
List the prime factors of 10462.
2, 5231
List the prime factors of 174483.
3, 19387
List the prime factors of 4469.
41, 109
What are the prime factors of 52770?
2, 3, 5, 1759
List the prime factors of 94227.
3, 7, 641
What are the prime factors of 14769?
3, 547
List the prime factors of 10979.
10979
List the prime factors of 60152.
2, 73, 103
List the prime factors of 92173.
92173
List the prime factors of 4646.
2, 23, 101
List the prime factors of 240.
2, 3, 5
List the prime factors of 49590.
2, 3, 5, 19, 29
List the prime factors of 1305.
3, 5, 29
List the prime factors of 217.
7, 31
What are the prime factors of 2061?
3, 229
What are the prime factors of 205?
5, 41
What are the prime factors of 1692?
2, 3, 47
List the prime factors of 193997.
419, 463
List the prime factors of 179.
179
List the prime factors of 824.
2, 103
List the prime factors of 2379.
3, 13, 61
What are the prime factors of 65189?
19, 47, 73
What are the prime factors of 15535?
5, 13, 239
List the prime factors of 4770.
2, 3, 5, 53
List the prime factors of 1520.
2, 5, 19
What are the prime factors of 3784?
2, 11, 43
List the prime factors of 13596.
2, 3, 11, 103
List the prime factors of 15057.
3, 7, 239
List the prime factors of 1412.
2, 353
List the prime factors of 3374.
2, 7, 241
List the prime factors of 2547.
3, 283
List the prime factors of 8765.
5, 1753
What are the prime factors of 261?
3, 29
List the prime factors of 11705.
5, 2341
What are the prime factors of 27475?
5, 7, 157
What are the prime factors of 3701?
3701
What are the prime factors of 6453?
3, 239
What are the prime factors of 86?
2, 43
What are the prime factors of 4159?
4159
What are the prime factors of 14239?
29, 491
What are the prime factors of 648?
2, 3
List the prime factors of 1055.
5, 211
List the prime factors of 12121.
17, 23, 31
What are the prime factors of 1127?
7, 23
What are the prime factors of 36579?
3, 89, 137
What are the prime factors of 3628?
2, 907
What are the prime factors of 639?
3, 71
List the prime factors of 39192.
2, 3, 23, 71
What are the prime factors of 9452?
2, 17, 139
List the prime factors of 95204.
2, 23801
What are the prime factors of 53548?
2, 11, 1217
List the prime factors of 2928.
2, 3, 61
What are the prime factors of 3809?
13, 293
List the prime factors of 3539.
3539
List the prime factors of 2950.
2, 5, 59
What are 